In base 3, what is 1012110212 + -10?
1012110202
In base 16, what is -21 + 756?
735
In base 13, what is 6 - -271?
277
In base 16, what is -1 + 2cf37?
2cf36
In base 3, what is -10020 + 10212110?
10202020
In base 12, what is 2 - -2b632?
2b634
In base 13, what is 0 + 527b?
527b
In base 12, what is -13 - -3552?
353b
In base 5, what is -1112 - 403?
-2020
In base 16, what is 5db + 9a?
675
In base 5, what is 1101420 - -30?
1102000
In base 2, what is -11 + 101101?
101010
In base 3, what is 1021201110221 - 2?
1021201110212
In base 3, what is -200 - 2101201220?
-2101202120
In base 11, what is -1350a9 - -1?
-1350a8
In base 10, what is -27507 - -25?
-27482
In base 15, what is -d0c4 + b?
-d0b8
In base 4, what is 0 + -23211?
-23211
In base 5, what is 40303 + -1?
40302
In base 6, what is -315 - 241?
-1000
In base 5, what is 240212 - -120?
240332
In base 7, what is -21262 + 162?
-21100
In base 9, what is -7 + -164?
-172
In base 6, what is 530232 + -3?
530225
In base 15, what is -37 - -40?
8
In base 3, what is -10 + -111220222212?
-111220222222
In base 14, what is b24 - -9?
b2d
In base 14, what is 10d3 - 85?
104c
In base 12, what is -26a9 - -19?
-2690
In base 8, what is -3 + 16332?
16327
In base 8, what is -2436 + 2353?
-63
In base 6, what is -1424 - -42410?
40542
In base 4, what is 11 + -1133312031?
-1133312020
In base 4, what is -23 + 11130333?
11130310
In base 11, what is 4 + -a733?
-a72a
In base 7, what is -5 - -665041?
665033
In base 8, what is 10 - 37311?
-37301
In base 8, what is -56 + -1114?
-1172
In base 14, what is 1 - 6b50?
-6b4d
In base 4, what is 2220311 + 111?
2221022
In base 13, what is a6 + -11442?
-11369
In base 14, what is -21 + -59a?
-5bb
In base 3, what is 121111200 + -2?
121111121
In base 5, what is 0 - 214410?
-214410
In base 3, what is 222122022 + 200?
222122222
In base 13, what is 2 + -1129b7?
-1129b5
In base 5, what is 3 + 3313424?
3313432
In base 4, what is 113 - -13100203?
13100322
In base 13, what is -1a2454 - -1?
-1a2453
In base 6, what is -12345 + 131?
-12214
In base 12, what is 362b - -5b?
368a
In base 7, what is -34341 + 20?
-34321
In base 11, what is 1383 - -17?
139a
In base 10, what is -4 - -4199?
4195
In base 7, what is 1030040 - 5?
1030032
In base 4, what is -2221 - -3133?
312
In base 9, what is -1350 + 278?
-1061
In base 16, what is -4 + 8a2e?
8a2a
In base 13, what is 2 + 9c2ab?
9c2b0
In base 15, what is -5 - 3465?
-346a
In base 15, what is -3e7bd + -2?
-3e7c0
In base 14, what is -8a7 - 1?
-8a8
In base 10, what is -2105 - 246?
-2351
In base 15, what is -5431 - -1?
-5430
In base 9, what is 1022861 - 4?
1022856
In base 3, what is 12002212122 - 1?
12002212121
In base 3, what is 2201220222 - 1010?
2201212212
In base 12, what is -1140064 + 5?
-114005b
In base 7, what is 4205 - 22?
4153
In base 11, what is -3 + 78850?
78848
In base 8, what is 447 + -1171?
-522
In base 9, what is -27 - 27352?
-27380
In base 7, what is 2255 + -440?
1515
In base 8, what is 16260 + -257?
16001
In base 9, what is 5 - 4227?
-4222
In base 7, what is 21300 - -16?
21316
In base 13, what is 9 - -140b3?
140bc
In base 2, what is 111000 + -110000101101100?
-110000100110100
In base 6, what is -1545 - 5251?
-11240
In base 7, what is 1 + -141335?
-141334
In base 5, what is 104003 - -4?
104012
In base 6, what is 1325011 + 32?
1325043
In base 9, what is -125130 - 0?
-125130
In base 6, what is 15 + -2422?
-2403
In base 2, what is 101011 + -1011111101110011?
-1011111101001000
In base 8, what is 2661 - 1?
2660
In base 12, what is 1 + 289a82?
289a83
In base 10, what is -219 + 30?
-189
In base 10, what is 10607 + -231?
10376
In base 16, what is 17b + 3cd?
548
In base 2, what is 1001100011001 + -1?
1001100011000
In base 3, what is -1001202110 - -200?
-1001201210
In base 6, what is 2040241 - 4?
2040233
In base 11, what is 15 + 56453?
56468
In base 12, what is 2308 + 4?
2310
In base 15, what is 22b + -158?
c3
In base 14, what is -bd212 + 0?
-bd212
In base 12, what is 21a - 74?
166
In base 2, what is 100001111101110 + -11?
100001111101011
In base 12, what is 1a05 - -4?
1a09
In base 13, what is -1 - a12?
-a13
In base 10, what is -150754 - -4?
-150750
In base 15, what is -2c7d + 31?
-2c4c
In base 10, what is -3 + -726996?
-726999
In base 8, what is 415617 - -27?
415646
In base 4, what is -1200 - 2?
-1202
In base 8, what is 1 - -317031?
317032
In base 9, what is -2 + 4821?
4818
In base 6, what is 444000 - -250?
444250
In base 15, what is 2 + 70e1?
70e3
In base 5, what is -2323221 - 13?
-2323234
In base 11, what is 6 - -464?
46a
In base 9, what is 4370 - -48?
4428
In base 14, what is 1621d + -9?
16214
In base 7, what is -3 - 23424?
-23430
In base 13, what is 11c + -5c1?
-4a2
In base 3, what is -12001 - -121201100?
121112022
In base 4, what is 0 - -1012001?
1012001
In base 5, what is 331 + 42234?
43120
In base 8, what is 5 + -434674?
-434667
In base 11, what is 1000 + a76?
1a76
In base 8, what is -344 - -100?
-244
In base 5, what is -333411 + -4?
-333420
In base 13, what is -2424b + 1?
-2424a
In base 3, what is 2222021 - -111000?
10110021
In base 7, what is -503504 - -23?
-503451
In base 6, what is 0 - -133204?
133204
In base 2, what is -11010010110001 + -11?
-11010010110100
In base 4, what is -230033031 + -10?
-230033101
In base 3, what is 101100101 + -11?
101100020
In base 7, what is 45326 - 34?
45262
In base 12, what is 1006 - 2?
1004
In base 13, what is c - -a892?
a8a1
In base 9, what is -5 + -100411?
-100416
In base 13, what is 3 + -13955?
-13952
In base 13, what is 8b959 - -5?
8b961
In base 8, what is 75721 + 4?
75725
In base 8, what is -152 + -1204?
-1356
In base 16, what is 80f - 1d0?
63f
In base 2, what is 10011 + -1101001011001001?
-1101001010110110
In base 16, what is -32 - 4209?
-423b
In base 4, what is 11222301012 - -1?
11222301013
In base 6, what is -14 - 12002?
-12020
In base 3, what is -1102112 - -2220?
-1022122
In base 5, what is -14300413 - -4?
-14300404
In base 6, what is 252 + 121?
413
In base 11, what is -1736 - -34a?
-1397
In base 8, what is -15510 + 6?
-15502
In base 5, what is 1242210 + 10?
1242220
In base 6, what is -503051 + 14?
-503033
In base 4, what is -22 + 133012213?
133012131
In base 15, what is -18 - -585?
56c
In base 12, what is -5 + -123b12?
-123b17
In base 3, what is -1 - -1201220220?
1201220212
In base 8, what is 2 - -25141?
25143
In base 5, what is 124214 + -110?
124104
In base 9, what is 77 - -634?
722
In base 15, what is 172 - 23?
14e
In base 12, what is -4846 + 167?
-469b
In base 5, what is 11 - 1010020?
-1010004
In base 9, what is 32 - -205?
237
In base 6, what is 114545 - 3?
114542
In base 8, what is 0 + 3040352?
3040352
In base 16, what is 8 - a81?
-a79
In base 2, what is -100 - -100001001111111111010?
100001001111111110110
In base 8, what is 153 + 32?
205
In base 13, what is -158 - 530a?
-5465
In base 9, what is 755847 + 5?
755853
In base 5, what is -131341 - -4112?
-122224
In base 7, what is -1 + 353216?
353215
In base 7, what is 1304 - 1530?
-223
In base 16, what is 6ade - -6?
6ae4
In base 8, what is -166 + 4743?
4555
In base 7, what is -12341 + 2113?
-10225
In base 6, what is -5 - -1015151?
1015142
In base 10, what is -3706 + 166?
-3540
In base 9, what is -2448 + -3?
-2452
In base 11, what is a729 - 2?
a727
In base 16, what is a + -580?
-576
In base 15, what is 14d + c?
15a
In base 5, what is 2133011 - 11?
2133000
In base 6, what is -32145405 + -3?
-32145412
In base 2, what is -1 + -10000110101101111100?
-10000110101101111101
In base 5, what is 122013 - 1231?
120232
In base 15, what is -5 - -1a09?
1a04
In base 13, what is -70 - -889?
819
In base 14, what is -4 + -66a63?
-66a67
In base 12, what is -14217 - 6?
-14221
In base 7, what is -11 + 633?
622
In base 7, what is -662 - -203?
-456
In base 3, what is -112211121012 - 1?
-112211121020
In base 5, what is 3430 + -140?
3240
In base 14, what is 1166 + -9?
115b
In base 13, what is -20734 + -5?
-20739
In base 2, what is -1001100001 + 10100000011?
1010100010
In base 11, what is -30 + -41?
-71
In base 5, what is 1 - -141043302?
141043303
In base 15, what is -3e88 + 1b?
-3e6c
In base 13, what is 7b7c + bb?
7c6a
In base 3, what is -112 - 11102110111?
-11102111000
In base 5, what is 223432 - -232?
224214
In base 2, what is -1 - -11011110010110010?
11011110010110001
In base 7, what is 16